{"id":279,"date":"2018-05-27T18:04:13","date_gmt":"2018-05-27T16:04:13","guid":{"rendered":"https:\/\/lampda.fr\/?page_id=279"},"modified":"2020-11-14T21:02:06","modified_gmt":"2020-11-14T20:02:06","slug":"mentions-legales-et-cgv","status":"publish","type":"page","link":"https:\/\/lampda.fr\/index.php\/a-propos-de\/mentions-legales-et-cgv\/","title":{"rendered":"Mentions l\u00e9gales et CGV"},"content":{"rendered":"<h4><strong>Mentions l\u00e9gales<br \/><\/strong><\/h4>\n<p style=\"margin: 1.0pt 0cm 1.0pt 0cm;\">D\u00e9nomination: Lampda Vintage<\/p>\n<p style=\"margin: 1.0pt 0cm 1.0pt 0cm;\">Adresse: 1 chemin de Charmoisy &#8211; 74200 Thonon-Les-Bains<\/p>\n<p style=\"margin: 1.0pt 0cm 1.0pt 0cm;\">Siret : 830 933 875 00023<br \/>APE : 2740Z<\/p>\n<p style=\"margin: 1.0pt 0cm 1.0pt 0cm;\">Entreprise non soumise \u00e0 la TVA (TVA non applicable article 293B du CGI).<\/p>\n<hr \/>\n<h4 style=\"mso-margin-top-alt: auto; mso-margin-bottom-alt: auto; mso-outline-level: 3;\"><b>Conditions G\u00e9n\u00e9rales de Vente (CGV)<\/b><\/h4>\n<p><strong><u>Article 1 : Champ d\u2019application<\/u><\/strong><\/p>\n<p>Les pr\u00e9sentes conditions g\u00e9n\u00e9rales de vente s\u2019appliquent \u00e0 toutes commandes pass\u00e9es sur le site internet lampda.fr. Lampda Vintage se r\u00e9serve la possibilit\u00e9 d\u2019adapter ou de modifier \u00e0 tout moment les pr\u00e9sentes conditions g\u00e9n\u00e9rales de vente. En cas de modification, il sera appliqu\u00e9 \u00e0 chaque commande les conditions g\u00e9n\u00e9rales de vente en vigueur au jour de la commande.<br \/>Le client d\u00e9clare avoir pris connaissance et avoir accept\u00e9 les pr\u00e9sentes Conditions G\u00e9n\u00e9rales de Vente avant la validation de la commande (en cochant la case dans la page validation de la commande sur le site).<\/p>\n<p><strong><u>Article 2 : D\u00e9lai de livraison<\/u><\/strong><\/p>\n<p><strong>Le d\u00e9lai d\u2019exp\u00e9dition est de 2 jours ouvr\u00e9s <\/strong>maximum sauf mention contraire indiqu\u00e9e sur le site (vacances, inventaire \u2026).<\/p>\n<p><strong>L\u2019exp\u00e9dition se fait par Colissimo. Le d\u00e9lais de livraison pr\u00e9vu est de 48h.<br \/><\/strong><\/p>\n<p>Lampda Vintage se d\u00e9gage de toute responsabilit\u00e9 en cas de non ex\u00e9cution du contrat due a un cas de force majeur (gr\u00e8ve, vol, incendie \u2026)<\/p>\n<p><strong><u>Article 3 : Livraison et frais de port<\/u><\/strong><\/p>\n<p>La livraison s\u2019effectue en France et \u00e0 l\u2019international.<br \/>D\u00e8s l\u2019envoi de votre commande vous recevez un email de confirmation.<br \/>Des erreurs d\u2019informations transmises par l\u2019acheteur lors de la commande ne peuvent \u00eatre de la responsabilit\u00e9 de Lampda Vintage en cas de non r\u00e9ception de la marchandise.<br \/>L\u2019acheteur doit v\u00e9rifier que la livraison qui lui est remise est conforme \u00e0 celle pr\u00e9vue sur la commande.<br \/>En cas de r\u00e9ception d\u2019un colis d\u00e9fectueux, l\u2019acheteur doit faire les r\u00e9serves d\u2019usage avant d\u2019accepter la livraison et d\u2019ouvrir le colis.<\/p>\n<p>Hors mention sp\u00e9ciale, le montant des frais d\u2019exp\u00e9dition est un forfait fix\u00e9 pour tout article :<\/p>\n<h5><strong>\u2013 France : Gratuit<br \/>\u2013 Suisse, Belgique, Allemagne, Portugal, Italie, Monaco, Luxembourg : 10,00 \u20ac <\/strong><\/h5>\n<h5><strong>\u2013 Finlande, Norv\u00e8ge, Su\u00e8de, Royaume Unis (UK), Arm\u00e9nie, Maroc, Tunisie, Alg\u00e9rie : 20,00 \u20ac <\/strong><\/h5>\n<h5><strong>\u2013 Etats-Unis (USA), Canada : 25,00 \u20ac <\/strong><\/h5>\n<p>\u00a0<\/p>\n<p><strong><u>Article 4 : Paiement<\/u><\/strong><\/p>\n<p>Le paiement s\u2019effectue selon les conditions fix\u00e9es lors de la commande, les frais de port sont \u00e0 la charge de l\u2019acheteur et sont pay\u00e9s par celui-ci au moment de la commande, sauf mention contraire (ex : frais de ports offerts).<\/p>\n<p>Le paiement imm\u00e9diat est assur\u00e9 par nos partenaires <a href=\"https:\/\/stripe.com\/fr\" target=\"_blank\" rel=\"noopener noreferrer\">Stripe<\/a> et <a href=\"https:\/\/www.paypal.com\" target=\"_blank\" rel=\"noopener noreferrer\">PayPal<\/a>, selon votre choix.<\/p>\n<p>Le paiement en 3 fois est \u00e9ligible pour les paniers de 100\u20ac et plus. Les frais inh\u00e9rents au paiement en plusieurs fois sont int\u00e9gralement support\u00e9s par Lampda Vintage.<\/p>\n<p><em>Un cr\u00e9dit vous engage et doit \u00eatre rembours\u00e9. V\u00e9rifiez vos capacit\u00e9s de remboursement avant de vous engager<\/em><\/p>\n<p><strong><u>Article 5 : R\u00e9clamation<\/u><\/strong><\/p>\n<p>Lors de la livraison, l\u2019acheteur est tenu de v\u00e9rifier la marchandise et de mentionner ses \u00e9ventuelles r\u00e9serves sur le bon de livraison. En cas contraire, aucune r\u00e9clamation ne sera admise apr\u00e8s r\u00e9ception de la marchandise.<\/p>\n<p><strong><u>Article 6 : Droit de r\u00e9tractation<\/u><\/strong><\/p>\n<p>Conform\u00e9ment \u00e0 l\u2019article L.121-16 du code de la consommation, vous b\u00e9n\u00e9ficiez d\u2019un droit de retour quelle qu\u2019en soit la raison. Vous pouvez donc nous retourner un article dans les sept jours suivant la r\u00e9ception de votre colis dans son emballage d\u2019origine, avec la facture correspondante et le motif du retour \u00e0 :<\/p>\n<p>Lampda Vintage<\/p>\n<p>1 chemin de Charmoisy<\/p>\n<p>74200 Thonon-les-Bains<\/p>\n<p>Les frais de retour restent \u00e0 votre charge.<\/p>\n<p><strong><u>Article 7 : Retour de la marchandise<\/u><\/strong><\/p>\n<p>Tout retour de marchandise doit \u00eatre effectu\u00e9 dans son emballage d\u2019origine accompagn\u00e9 de la facture. Si un article \u00e9tait d\u00e9fectueux ou non conforme, nous nous engageons \u00e0 le remplacer par un autre article de m\u00eame valeur que vous choisirez dans le catalogue (chaque article \u00e9tant unique) ou \u00e0 le rembourser, sous r\u00e9serve qu\u2019il nous soit retourn\u00e9 dans un d\u00e9lai de sept jours.<\/p>\n<p><strong><u>Article 8 : Prix<\/u><\/strong><\/p>\n<p>Les prix et frais de port sont indiqu\u00e9s en euros. Le prix est payable en totalit\u00e9 et en un seul versement \u00e0 la commande, sauf si le client choisit le paiement en plusieurs fois. <em>&#8211; Un cr\u00e9dit vous engage et doit \u00eatre rembours\u00e9. V\u00e9rifiez vos capacit\u00e9s de remboursement avant de vous engager-<\/em><\/p>\n<p>Toutes les commandes sont factur\u00e9es et payables en euros uniquement.<\/p>\n<p>Pour toute livraison ext\u00e9rieure \u00e0 la France M\u00e9tropolitaine, les \u00e9ventuels frais de douanes ou taxes locales restent \u00e0 la charge du destinataire.<\/p>\n<p><strong><u>Article 9 : Modalit\u00e9s de paiement<\/u><\/strong><\/p>\n<p>Seuls les r\u00e8glements par compte <strong>PayPal <\/strong>et <strong>carte bancaire<\/strong> sont possibles. Le paiement est s\u00e9curis\u00e9.<\/p>\n<p><strong><u>Article 10 : Transfert de propri\u00e9t\u00e9 \u2013 Transfert de risques<\/u><\/strong><\/p>\n<p>Les produits demeurent la propri\u00e9t\u00e9 de Lampda Vintage jusqu\u2019au complet r\u00e8glement de la commande, et ce quelle que soit la date de livraison desdits produits. Toutefois, le transfert des risques de perte et de d\u00e9t\u00e9rioration des produits sera r\u00e9alis\u00e9 d\u00e8s livraison et r\u00e9ception desdits produits par l\u2019acqu\u00e9reur.<\/p>\n\n\n<p><\/p>\n","protected":false},"excerpt":{"rendered":"<p>Mentions l\u00e9gales D\u00e9nomination: Lampda Vintage Adresse: 1 chemin de Charmoisy &#8211; 74200 Thonon-Les-Bains Siret : 830 933 875 00023APE : 2740Z Entreprise non soumise \u00e0 la TVA (TVA non applicable article 293B du CGI). Conditions G\u00e9n\u00e9rales de Vente (CGV) Article 1 : Champ d\u2019application Les pr\u00e9sentes conditions g\u00e9n\u00e9rales de vente s\u2019appliquent \u00e0 toutes commandes pass\u00e9es [&hellip;]<\/p>\n","protected":false},"author":1,"featured_media":0,"parent":8,"menu_order":0,"comment_status":"closed","ping_status":"closed","template":"","meta":{"_monsterinsights_skip_tracking":false,"_monsterinsights_sitenote_active":false,"_monsterinsights_sitenote_note":"","_monsterinsights_sitenote_category":0,"_uf_show_specific_survey":0,"_uf_disable_surveys":false,"footnotes":""},"class_list":["post-279","page","type-page","status-publish","hentry"],"jetpack_sharing_enabled":false,"jetpack_shortlink":"https:\/\/wp.me\/P9Ss9A-4v","jetpack-related-posts":[{"id":3589,"url":"https:\/\/lampda.fr\/index.php\/faq\/","url_meta":{"origin":279,"position":0},"title":"FAQ","author":"Monsieur Lampda","date":"21 octobre 2020","format":false,"excerpt":"Tant de beaut\u00e9 pose forc\u00e9ment question ! Voici quelques r\u00e9ponses : Tant de g\u00e9nie ! Mais comment ? Et pourquoi ? Et qui se cache derri\u00e8re tout \u00e7a ? Un petit r\u00e9sum\u00e9 de l'aventure LAMPDA se trouve ici. En plus, il y a une belle vid\u00e9o \ud83d\ude42 \u00a0 Mais d'o\u00f9\u2026","rel":"","context":"Article similaire","block_context":{"text":"Article similaire","link":""},"img":{"alt_text":"","src":"","width":0,"height":0},"classes":[]},{"id":2788,"url":"https:\/\/lampda.fr\/index.php\/paiement-securise\/","url_meta":{"origin":279,"position":1},"title":"Paiement s\u00e9curis\u00e9","author":"Monsieur Lampda","date":"26 avril 2020","format":false,"excerpt":"Votre confort et votre tranquillit\u00e9 d'esprit font bien s\u00fbr partie de nos priorit\u00e9s. Vous pouvez r\u00e9gler vos achats : par carte bancaire via Paypal (sans forc\u00e9ment poss\u00e9der un compte) ou par Stripe.avec votre compte Paypal Ces modes de paiement sont s\u00e9curis\u00e9s, Lampda Vintage ne re\u00e7oit pas vos donn\u00e9es confidentielles. Les\u2026","rel":"","context":"Article similaire","block_context":{"text":"Article similaire","link":""},"img":{"alt_text":"","src":"","width":0,"height":0},"classes":[]},{"id":7,"url":"https:\/\/lampda.fr\/index.php\/accueil\/","url_meta":{"origin":279,"position":2},"title":"Accueil","author":"Monsieur Lampda","date":"1 mai 2018","format":false,"excerpt":"\u27a1\ufe0f BOUTIQUE EN LIGNE \u2b05\ufe0f Lampda est une marque fran\u00e7aise de lampes design\u00e9es \u00e0 partir de vieux beaux objets d\u00e9tourn\u00e9s. Look vintage et industriel garanti ! Toutes nos cr\u00e9ations sont uniques, artisanales, 100% faites main en France, sign\u00e9es et inscrites dans les concepts de l\u2019upcycling.https:\/\/lampda.fr\/wp-content\/uploads\/2020\/04\/LAMPDA-version-couleurs-haute-.mp4.mp4","rel":"","context":"Article similaire","block_context":{"text":"Article similaire","link":""},"img":{"alt_text":"","src":"https:\/\/i0.wp.com\/lampda.fr\/wp-content\/uploads\/2020\/04\/LAMPDA-e%CC%81te%CC%81-1-1024x441.jpg?resize=350%2C200&ssl=1","width":350,"height":200,"srcset":"https:\/\/i0.wp.com\/lampda.fr\/wp-content\/uploads\/2020\/04\/LAMPDA-e%CC%81te%CC%81-1-1024x441.jpg?resize=350%2C200&ssl=1 1x, https:\/\/i0.wp.com\/lampda.fr\/wp-content\/uploads\/2020\/04\/LAMPDA-e%CC%81te%CC%81-1-1024x441.jpg?resize=525%2C300&ssl=1 1.5x, https:\/\/i0.wp.com\/lampda.fr\/wp-content\/uploads\/2020\/04\/LAMPDA-e%CC%81te%CC%81-1-1024x441.jpg?resize=700%2C400&ssl=1 2x"},"classes":[]},{"id":8,"url":"https:\/\/lampda.fr\/index.php\/a-propos-de\/","url_meta":{"origin":279,"position":3},"title":"\u00c0 propos","author":"Monsieur Lampda","date":"1 mai 2018","format":false,"excerpt":"Antoine, 33 ans, cr\u00e9ateur de LAMPDA\u00a0\u00ab\u00a0Pour certains ce sont les Tontons Flingueurs mais pour moi\u2026les Tontons Chineurs\u00a0! Deux de mes oncles m\u2019ont fait d\u00e9couvrir le monde de la brocante dans mes jeunes et tendres ann\u00e9es. Un peu plus tard et apr\u00e8s mes premi\u00e8res amours avec le design, j\u2019ai eu envie\u2026","rel":"","context":"Article similaire","block_context":{"text":"Article similaire","link":""},"img":{"alt_text":"R\u00e9sultat de recherche d'images pour ","src":"https:\/\/i0.wp.com\/data.photofunky.net\/output\/image\/0\/3\/7\/8\/037878\/photofunky.png?resize=350%2C200&ssl=1","width":350,"height":200},"classes":[]},{"id":2754,"url":"https:\/\/lampda.fr\/index.php\/latelier\/","url_meta":{"origin":279,"position":4},"title":"L&rsquo;atelier","author":"Monsieur Lampda","date":"23 avril 2020","format":false,"excerpt":"Antoine, 36 ans, cr\u00e9ateur de LAMPDA : \u00ab\u00a0Pour certains ce sont les Tontons Flingueurs mais pour moi\u2026les Tontons Chineurs\u00a0! Deux de mes oncles m\u2019ont fait d\u00e9couvrir le monde de la brocante dans mes jeunes et tendres ann\u00e9es. Un peu plus tard et apr\u00e8s mes premi\u00e8res amours avec le design, j\u2019ai\u2026","rel":"","context":"Article similaire","block_context":{"text":"Article similaire","link":""},"img":{"alt_text":"","src":"","width":0,"height":0},"classes":[]},{"id":104,"url":"https:\/\/lampda.fr\/index.php\/galerie-photo\/","url_meta":{"origin":279,"position":5},"title":"Galerie photos","author":"Monsieur Lampda","date":"2 mai 2018","format":false,"excerpt":"Pr\u00e9c\u00e9dent Suivant Certaines lampes sont d\u00e9j\u00e0 vendues.Pour d\u00e9couvrir celles qui sont encore disponibles, c'est par ici :)","rel":"","context":"Article similaire","block_context":{"text":"Article similaire","link":""},"img":{"alt_text":"ALA_2771_site","src":"https:\/\/i0.wp.com\/lampda.fr\/wp-content\/uploads\/2018\/10\/ALA_2771_site-1024x687.jpg?resize=350%2C200&ssl=1","width":350,"height":200,"srcset":"https:\/\/i0.wp.com\/lampda.fr\/wp-content\/uploads\/2018\/10\/ALA_2771_site-1024x687.jpg?resize=350%2C200&ssl=1 1x, https:\/\/i0.wp.com\/lampda.fr\/wp-content\/uploads\/2018\/10\/ALA_2771_site-1024x687.jpg?resize=525%2C300&ssl=1 1.5x, https:\/\/i0.wp.com\/lampda.fr\/wp-content\/uploads\/2018\/10\/ALA_2771_site-1024x687.jpg?resize=700%2C400&ssl=1 2x"},"classes":[]}],"_links":{"self":[{"href":"https:\/\/lampda.fr\/index.php\/wp-json\/wp\/v2\/pages\/279","targetHints":{"allow":["GET"]}}],"collection":[{"href":"https:\/\/lampda.fr\/index.php\/wp-json\/wp\/v2\/pages"}],"about":[{"href":"https:\/\/lampda.fr\/index.php\/wp-json\/wp\/v2\/types\/page"}],"author":[{"embeddable":true,"href":"https:\/\/lampda.fr\/index.php\/wp-json\/wp\/v2\/users\/1"}],"replies":[{"embeddable":true,"href":"https:\/\/lampda.fr\/index.php\/wp-json\/wp\/v2\/comments?post=279"}],"version-history":[{"count":13,"href":"https:\/\/lampda.fr\/index.php\/wp-json\/wp\/v2\/pages\/279\/revisions"}],"predecessor-version":[{"id":3905,"href":"https:\/\/lampda.fr\/index.php\/wp-json\/wp\/v2\/pages\/279\/revisions\/3905"}],"up":[{"embeddable":true,"href":"https:\/\/lampda.fr\/index.php\/wp-json\/wp\/v2\/pages\/8"}],"wp:attachment":[{"href":"https:\/\/lampda.fr\/index.php\/wp-json\/wp\/v2\/media?parent=279"}],"curies":[{"name":"wp","href":"https:\/\/api.w.org\/{rel}","templated":true}]}}