{"id":301,"date":"2018-05-27T19:56:42","date_gmt":"2018-05-27T17:56:42","guid":{"rendered":"https:\/\/lampda.fr\/?page_id=301"},"modified":"2020-12-07T21:24:19","modified_gmt":"2020-12-07T20:24:19","slug":"presse","status":"publish","type":"page","link":"https:\/\/lampda.fr\/index.php\/presse\/","title":{"rendered":"Presse"},"content":{"rendered":"\n<div class=\"wp-block-media-text alignfull has-media-on-the-right is-stacked-on-mobile\"><figure class=\"wp-block-media-text__media\"><video controls src=\"https:\/\/lampda.fr\/wp-content\/uploads\/2020\/12\/IMG_5430.mov\"><\/video><\/figure><div class=\"wp-block-media-text__content\">\n<p class=\"has-large-font-size\">LAMPDA s&rsquo;expose\u2026dans Sept \u00e0 Huit sur TF1 ! Au milieu des belles cr\u00e9ations des amis de chez PoooW ! <\/p>\n\n\n\n<div class=\"wp-block-image\"><figure class=\"aligncenter is-resized\"><img decoding=\"async\" data-src=\"https:\/\/upload.wikimedia.org\/wikipedia\/fr\/thumb\/7\/77\/TF1_%282013%29.svg\/1200px-TF1_%282013%29.svg.png\" alt=\"TF1 \u2014 Wikip\u00e9dia\" width=\"266\" height=\"96\" src=\"data:image\/svg+xml;base64,PHN2ZyB3aWR0aD0iMSIgaGVpZ2h0PSIxIiB4bWxucz0iaHR0cDovL3d3dy53My5vcmcvMjAwMC9zdmciPjwvc3ZnPg==\" class=\"lazyload\" style=\"--smush-placeholder-width: 266px; --smush-placeholder-aspect-ratio: 266\/96;\" \/><\/figure><\/div>\n\n\n\n<div class=\"wp-block-group is-layout-flow wp-block-group-is-layout-flow\"><div class=\"wp-block-group__inner-container\"><\/div><\/div>\n<\/div><\/div>\n\n\n\n<figure class=\"wp-block-image size-large\"><img data-recalc-dims=\"1\" fetchpriority=\"high\" decoding=\"async\" width=\"980\" height=\"589\" data-attachment-id=\"3221\" data-permalink=\"https:\/\/lampda.fr\/index.php\/2020\/06\/13\/article-le-messager\/capture-decran-2020-06-13-a-14-14-01\/\" data-orig-file=\"https:\/\/i0.wp.com\/lampda.fr\/wp-content\/uploads\/2020\/06\/Capture-d%E2%80%99e%CC%81cran-2020-06-13-a%CC%80-14.14.01.png?fit=1978%2C1188&amp;ssl=1\" data-orig-size=\"1978,1188\" data-comments-opened=\"1\" data-image-meta=\"{&quot;aperture&quot;:&quot;0&quot;,&quot;credit&quot;:&quot;&quot;,&quot;camera&quot;:&quot;&quot;,&quot;caption&quot;:&quot;&quot;,&quot;created_timestamp&quot;:&quot;0&quot;,&quot;copyright&quot;:&quot;&quot;,&quot;focal_length&quot;:&quot;0&quot;,&quot;iso&quot;:&quot;0&quot;,&quot;shutter_speed&quot;:&quot;0&quot;,&quot;title&quot;:&quot;&quot;,&quot;orientation&quot;:&quot;0&quot;}\" data-image-title=\"Article Le Messager 11\/06\/2020\" data-image-description=\"\" data-image-caption=\"\" data-large-file=\"https:\/\/i0.wp.com\/lampda.fr\/wp-content\/uploads\/2020\/06\/Capture-d%E2%80%99e%CC%81cran-2020-06-13-a%CC%80-14.14.01.png?fit=980%2C589&amp;ssl=1\" src=\"https:\/\/i0.wp.com\/lampda.fr\/wp-content\/uploads\/2020\/06\/Capture-d%E2%80%99e%CC%81cran-2020-06-13-a%CC%80-14.14.01.png?resize=980%2C589&#038;ssl=1\" alt=\"Article Le Messager 11\/06\/2020\" class=\"wp-image-3221\" srcset=\"https:\/\/i0.wp.com\/lampda.fr\/wp-content\/uploads\/2020\/06\/Capture-d%E2%80%99e%CC%81cran-2020-06-13-a%CC%80-14.14.01.png?resize=1024%2C615&amp;ssl=1 1024w, https:\/\/i0.wp.com\/lampda.fr\/wp-content\/uploads\/2020\/06\/Capture-d%E2%80%99e%CC%81cran-2020-06-13-a%CC%80-14.14.01.png?resize=300%2C180&amp;ssl=1 300w, https:\/\/i0.wp.com\/lampda.fr\/wp-content\/uploads\/2020\/06\/Capture-d%E2%80%99e%CC%81cran-2020-06-13-a%CC%80-14.14.01.png?resize=768%2C461&amp;ssl=1 768w, https:\/\/i0.wp.com\/lampda.fr\/wp-content\/uploads\/2020\/06\/Capture-d%E2%80%99e%CC%81cran-2020-06-13-a%CC%80-14.14.01.png?resize=1536%2C923&amp;ssl=1 1536w, https:\/\/i0.wp.com\/lampda.fr\/wp-content\/uploads\/2020\/06\/Capture-d%E2%80%99e%CC%81cran-2020-06-13-a%CC%80-14.14.01.png?resize=416%2C250&amp;ssl=1 416w, https:\/\/i0.wp.com\/lampda.fr\/wp-content\/uploads\/2020\/06\/Capture-d%E2%80%99e%CC%81cran-2020-06-13-a%CC%80-14.14.01.png?w=1978&amp;ssl=1 1978w\" sizes=\"(max-width: 980px) 100vw, 980px\" \/><figcaption>Article du journal Le Messager &#8211; Vanessa De Carvalho &#8211; 11\/06\/2020<\/figcaption><\/figure>\n\n\n<p><a href=\"https:\/\/lampda.fr\/wp-content\/uploads\/2018\/10\/DOSSIER-DE-PRESSE-LAMPDA.pdf\">T\u00e9l\u00e9charger le dossier de presse Lampda ici.<\/a><\/p>\n\n<p><\/p>","protected":false},"excerpt":{"rendered":"<p>T\u00e9l\u00e9charger le dossier de presse Lampda ici.<\/p>\n","protected":false},"author":1,"featured_media":0,"parent":0,"menu_order":0,"comment_status":"closed","ping_status":"closed","template":"","meta":{"_monsterinsights_skip_tracking":false,"_monsterinsights_sitenote_active":false,"_monsterinsights_sitenote_note":"","_monsterinsights_sitenote_category":0,"_uf_show_specific_survey":0,"_uf_disable_surveys":false,"jetpack_post_was_ever_published":false,"footnotes":""},"class_list":["post-301","page","type-page","status-publish","hentry"],"jetpack_sharing_enabled":true,"jetpack_shortlink":"https:\/\/wp.me\/P9Ss9A-4R","jetpack-related-posts":[{"id":295,"url":"https:\/\/lampda.fr\/index.php\/ou-nous-trouver\/","url_meta":{"origin":301,"position":0},"title":"O\u00f9 nous trouver ?","author":"Monsieur Lampda","date":"27 janvier 2020","format":false,"excerpt":"\u00a0Faites (-vous-) plaisir sur la boutique en ligne ou dans nos belles boutiques partenaires.Vive l'artisanat fran\u00e7ais ! \ud83d\udc13\ud83c\uddeb\ud83c\uddf7Toutes nos cr\u00e9ations sont uniques. Vous pouvez en d\u00e9couvrir de nouvelles dans les boutiques suivantes : Pooow ! \u2013 Les Ateliers Gait\u00e9 \u2013 PARIS XIVPoooW ! - Gare Montparnasse - PARIS XVPoooW !\u2026","rel":"","context":"Article similaire","block_context":{"text":"Article similaire","link":""},"img":{"alt_text":"","src":"","width":0,"height":0},"classes":[]},{"id":3589,"url":"https:\/\/lampda.fr\/index.php\/faq\/","url_meta":{"origin":301,"position":1},"title":"FAQ","author":"Monsieur Lampda","date":"21 octobre 2020","format":false,"excerpt":"Tant de beaut\u00e9 pose forc\u00e9ment question ! Voici quelques r\u00e9ponses : Tant de g\u00e9nie ! Mais comment ? Et pourquoi ? Et qui se cache derri\u00e8re tout \u00e7a ? Un petit r\u00e9sum\u00e9 de l'aventure LAMPDA se trouve ici. En plus, il y a une belle vid\u00e9o \ud83d\ude42 \u00a0 Mais d'o\u00f9\u2026","rel":"","context":"Article similaire","block_context":{"text":"Article similaire","link":""},"img":{"alt_text":"","src":"","width":0,"height":0},"classes":[]},{"id":287,"url":"https:\/\/lampda.fr\/index.php\/commande-speciale\/","url_meta":{"origin":301,"position":2},"title":"Commande sp\u00e9ciale","author":"Monsieur Lampda","date":"27 mai 2018","format":false,"excerpt":"Faites comme Julien, Anna, C\u00e9line, Pierre-Thomas, Mohamed, Nicolas... Mais pas comme toute le monde !LAMPDA transforme aussi vos objets \u00e0 la demande. Vous avez un petit tr\u00e9sor de famille ou vous avez craqu\u00e9 sur une merveille en brocante, contactez-nous !Vous pouvez nous \u00e9crire un mail \u00e0\u00a0contact@lampda.fr. Nous \u00e9changerons pour que\u2026","rel":"","context":"Article similaire","block_context":{"text":"Article similaire","link":""},"img":{"alt_text":"","src":"","width":0,"height":0},"classes":[]},{"id":279,"url":"https:\/\/lampda.fr\/index.php\/a-propos-de\/mentions-legales-et-cgv\/","url_meta":{"origin":301,"position":3},"title":"Mentions l\u00e9gales et CGV","author":"Monsieur Lampda","date":"27 mai 2018","format":false,"excerpt":"Mentions l\u00e9gales D\u00e9nomination: Lampda Vintage Adresse: 1 chemin de Charmoisy - 74200 Thonon-Les-Bains Siret : 830 933 875 00023APE : 2740Z Entreprise non soumise \u00e0 la TVA (TVA non applicable article 293B du CGI). Conditions G\u00e9n\u00e9rales de Vente (CGV) Article 1 : Champ d\u2019application Les pr\u00e9sentes conditions g\u00e9n\u00e9rales de vente\u2026","rel":"","context":"Article similaire","block_context":{"text":"Article similaire","link":""},"img":{"alt_text":"","src":"","width":0,"height":0},"classes":[]},{"id":8,"url":"https:\/\/lampda.fr\/index.php\/a-propos-de\/","url_meta":{"origin":301,"position":4},"title":"\u00c0 propos","author":"Monsieur Lampda","date":"1 mai 2018","format":false,"excerpt":"Antoine, 33 ans, cr\u00e9ateur de LAMPDA\u00a0\u00ab\u00a0Pour certains ce sont les Tontons Flingueurs mais pour moi\u2026les Tontons Chineurs\u00a0! Deux de mes oncles m\u2019ont fait d\u00e9couvrir le monde de la brocante dans mes jeunes et tendres ann\u00e9es. Un peu plus tard et apr\u00e8s mes premi\u00e8res amours avec le design, j\u2019ai eu envie\u2026","rel":"","context":"Article similaire","block_context":{"text":"Article similaire","link":""},"img":{"alt_text":"R\u00e9sultat de recherche d'images pour ","src":"https:\/\/i0.wp.com\/data.photofunky.net\/output\/image\/0\/3\/7\/8\/037878\/photofunky.png?resize=350%2C200&ssl=1","width":350,"height":200},"classes":[]},{"id":9,"url":"https:\/\/lampda.fr\/index.php\/contact\/","url_meta":{"origin":301,"position":5},"title":"Contact","author":"Monsieur Lampda","date":"1 mai 2018","format":false,"excerpt":"LAMPDA\u00a0con\u00e7oit des lampes \u00e0 poser, des appliques murales et des suspensions. Si vous avez votre propre objet ou une recherche personnelle, il est possible de faire une commande sur-mesure. Pour toute demande, contactez-nous via instagram (@LampdaVintage), utilisez le formulaire ci-dessous, contactez-nous par mail \u00e0 contact@lampda.fr ou par t\u00e9l\u00e9phone au (+33)6\u2026","rel":"","context":"Article similaire","block_context":{"text":"Article similaire","link":""},"img":{"alt_text":"","src":"","width":0,"height":0},"classes":[]}],"_links":{"self":[{"href":"https:\/\/lampda.fr\/index.php\/wp-json\/wp\/v2\/pages\/301","targetHints":{"allow":["GET"]}}],"collection":[{"href":"https:\/\/lampda.fr\/index.php\/wp-json\/wp\/v2\/pages"}],"about":[{"href":"https:\/\/lampda.fr\/index.php\/wp-json\/wp\/v2\/types\/page"}],"author":[{"embeddable":true,"href":"https:\/\/lampda.fr\/index.php\/wp-json\/wp\/v2\/users\/1"}],"replies":[{"embeddable":true,"href":"https:\/\/lampda.fr\/index.php\/wp-json\/wp\/v2\/comments?post=301"}],"version-history":[{"count":10,"href":"https:\/\/lampda.fr\/index.php\/wp-json\/wp\/v2\/pages\/301\/revisions"}],"predecessor-version":[{"id":4004,"href":"https:\/\/lampda.fr\/index.php\/wp-json\/wp\/v2\/pages\/301\/revisions\/4004"}],"wp:attachment":[{"href":"https:\/\/lampda.fr\/index.php\/wp-json\/wp\/v2\/media?parent=301"}],"curies":[{"name":"wp","href":"https:\/\/api.w.org\/{rel}","templated":true}]}}